). Let s = j + k. What is the units digit of s?
8
Let b(g) = -g**2 + 15*g - 17. What is the units digit of b(5)?
3
Suppose -2*s + 77 = -51. Let d = s - 24. Suppose v - 4*r - 5 = 0, 4*r - d = -0*v - 4*v. What is the units digit of v?
9
Let q = -100 - -172. What is the units digit of q?
2
Let o = -245 + 413. What is the tens digit of o?
6
Let g be (3 - 6)*(1 - 0). Let l be g/18 + 31/6. Suppose 2*w + 0*w - 6 = -2*s, -9 = -2*s - l*w. What is the units digit of s?
2
Suppose -14*h = -16*h. Suppose 3*g - 16 + 1 = h. What is the units digit of g?
5
Let n(d) = -3*d**3 + 7*d**2 - 2*d - 1. Let i(b) = 13*b**3 - 29*b**2 + 7*b + 4. Let l(j) = -2*i(j) - 9*n(j). What is the units digit of l(4)?
1
What is the units digit of 429/4 + (-6)/24?
7
Let m = 11 - 11. Suppose p - 2 = 2*t - 3*p, 0 = -p + 2. What is the units digit of m - 1 - (-9)/t?
2
What is the tens digit of ((-68)/12)/((-4)/12)?
1
Let r be (-28)/4*(-4)/14. What is the tens digit of 16/r*(-12)/(-8)?
1
Suppose -5 = -4*x + 3. Suppose 2*r = -x*c - r + 4, 17 = 5*c + 4*r. Suppose -c*m + 0*f = -f - 45, -5*f - 33 = -m. What is the units digit of m?
8
Let t(f) = -8*f + 46. What is the tens digit of t(-6)?
9
Let b(d) be the first derivative of d**3/3 + d**2/2 - 2*d - 1. What is the units digit of b(2)?
4
Let t be (-163)/(-2) + (-4)/8. Suppose 3*b + 0*b = t. What is the tens digit of b?
2
What is the units digit of -3 + (-3)/(9/(-39))?
0
Let h = 341 - 176. What is the tens digit of h?
6
Suppose 3*j - 4*z - 184 = -3*z, 252 = 4*j - 3*z. Suppose 0 = -2*c - 0*c + j. What is the units digit of c/12*8/10?
2
Let y = -4 + 1. Let m be 2/5 + (-352)/55. What is the units digit of y/m*2 + 4?
5
Suppose -2*n = -0*n - 28. What is the units digit of n?
4
Let u = 4 + -1. Suppose -z + 20 = u*z. What is the units digit of z?
5
What is the tens digit of (((-6405)/(-12))/(-5))/(5/(-20))?
2
Suppose 2*i + 29 = -5*n + 5*i, -3*n + 5*i - 27 = 0. Suppose -5*u = -3*u. Let o = u - n. What is the units digit of o?
4
Suppose -3*m - 2*y + 20 = 0, -m = 3*m + 3*y - 27. Let v(d) = d**3 - 3*d**2 - 9*d + 5. What is the tens digit of v(m)?
5
Suppose -5*s = 10, 0*s + 4*s = -4*i + 260. What is the units digit of i?
7
Suppose -2*a - 3*b = -5*b - 4, -2*b + 1 = -a. Suppose -3*s + 12 = -3*o, s - 4*o + 56 = a*s. Let x = -1 + s. What is the units digit of x?
8
Let n be -2 + 3 + 1 + -6. Let o(l) = -l**2 - 4*l + 4. Let y be o(n). Suppose a - 19 = -4*b, -b - 14 = -y*b - a. What is the units digit of b?
5
Suppose 0*m + 19 = m. What is the tens digit of m?
1
Let j(p) = 16*p**2 + p + 3. What is the units digit of j(2)?
9
Let q = 70 - 129. Let k = q + 87. What is the tens digit of k?
2
Let f be (2 + -1 - 1)/2. Suppose -4*j + 3*j + 9 = f. What is the units digit of j?
9
Let x = -1 - -12. What is the tens digit of x?
1
Suppose -5*q = -3*a + 3, -1 = -0*q + 3*q - a. Suppose q = c - 61 + 21. What is the units digit of c?
0
Let z(j) = 14*j**3 + 5*j**2 - 6*j + 3. What is the units digit of z(2)?
3
Let w = 7 + -3. Let n = 4 + w. Suppose -1 - n = -g. What is the units digit of g?
9
Let y be (0 + -14)*12/14. Let z = 14 + y. What is the units digit of z?
2
Let w(i) = -240*i. Let h be w(-1). Suppose z = 6*z - h. Suppose -z = -x - 3*x. What is the units digit of x?
2
Let d(f) = -4*f - 1. Let b be d(-1). Let j be b/(6/8 + 0). Suppose 0 = -2*c + c + j. What is the units digit of c?
4
Suppose -5*o = -3*s + 7 - 42, 3*o - 4*s - 10 = 0. Let u = -2 + o. What is the units digit of u?
8
Let x(p) = 0 - 1 + 3*p**2 + 25*p**2. What is the tens digit of x(1)?
2
Let u(j) = 4 + 1 + 2*j**2 - 4. Let o be u(1). What is the units digit of o/5*(15 - 0)?
9
Let m(v) = v**2 + 7*v + 15. Let j be m(-5). Suppose -j*a + 28 + 112 = 0. What is the tens digit of a?
2
What is the tens digit of (74 - (-3 - -1)) + -4?
7
Let r = 234 - 164. What is the tens digit of r?
7
Let l = -15 - -26. Let t = l + -2. What is the units digit of t?
9
Let h = -41 + 68. What is the tens digit of h?
2
Let s(z) = z**3 - 7*z**2. Let q be s(7). Let c(a) = 0*a**2 + q*a**2 - 4*a - a**2 - 1. What is the units digit of c(-3)?
2
Let f(r) = -3*r + 3. Let d = 11 - 14. What is the units digit of f(d)?
2
Let p be (8 - 1)/(3 + -2). Suppose 0 = -f + 2*f + 3*q + 5, q = f - p. Suppose -r = 2*s - 6, 0 = -2*s + f*s + 2*r - 10. What is the units digit of s?
1
Let q be (-33)/(-5) + (-45)/75. Let s(p) = 3*p. Let n(l) = -4*l + 1. Let o(x) = 2*n(x) + 3*s(x). What is the units digit of o(q)?
8
Suppose -5*o + 5*y + 50 = 0, -3 + 63 = 5*o - 3*y. What is the tens digit of o?
1
Suppose -2*m - s + 4 = s, -4*m = -5*s - 17. Suppose 3*x + 3*f = 45, -m*f + 5 = -2*x + 30. What is the units digit of x?
4
Let t = -5 + 11. Suppose -t*v + 9*v - 132 = 0. What is the units digit of v?
4
Let j be (-2)/(-6) - 2424/(-18). Suppose 0 = 5*c - 2*o - j, -2*c + 15 + 48 = o. What is the units digit of c?
9
Let s(a) = -3*a**2 - 2*a + 27. Let u(q) = -q**2 - q + 9. Let k(c) = -6*s(c) + 17*u(c). What is the units digit of k(7)?
5
Suppose 4*c = 5*u + 536, c - u + 402 = 4*c. What is the hundreds digit of c?
1
What is the units digit of (21/(-2))/(-7)*14?
1
Let g(j) = 7*j**3 + 13*j**2 + 13*j + 7. Let v(n) = 11*n**3 + 20*n**2 + 20*n + 10. Let u(a) = -8*g(a) + 5*v(a). What is the units digit of u(-4)?
0
Suppose x + 11 = 21. What is the tens digit of x?
1
Suppose -2*h + 22 = -14. Suppose -2*g + g = -h. What is the tens digit of g?
1
Suppose -2*n + 36 = n. Let d = 20 - n. What is the units digit of d?
8
What is the tens digit of 1 + (-14)/8 + 2298/24?
9
Suppose -5*i = -2*i - 12. Suppose -19 = i*q - 3*a, 8 = 2*a - 2. Let j = 7 - q. What is the units digit of j?
8
Let k(j) be the second derivative of -4*j**3 + j**2 - 2*j**2 + 5*j**3 + 4*j - 2*j**3. What is the units digit of k(-3)?
6
Let z = -4 - -5. What is the tens digit of ((-52)/8)/z*-2?
1
Suppose -3*m - m = -8. Suppose -6*t + 28 = -m*t. What is the units digit of t?
7
Let l(b) = b**2 - 3*b + 7. What is the tens digit of l(8)?
4
Let u be ((-28)/(-21))/((-2)/(-3)). Suppose u*g - 16 + 14 = 0. What is the units digit of g?
1
What is the hundreds digit of ((-12)/7)/((-2)/259)?
2
Let x = 109 - 57. What is the units digit of x?
2
Let t(f) = -f**3 - 6*f**2 - f - 6. Let q be t(-6). Suppose -7*w - 2*g = -2*w, q = -3*w + 4*g. Suppose w = -2*u + 2. What is the units digit of u?
1
Let z(v) = 3*v - 11. Let a = 1 - -12. What is the tens digit of z(a)?
2
Let q(o) = 16*o**3 + o**2 + 2. What is the tens digit of q(2)?
3
Suppose 0 = -5*g - t + 450, 2*g - 202 = t + 3*t. What is the units digit of g?
1
Let y = 10 + -7. What is the units digit of 9/y + -1 + 4?
6
Let g = 180 - 32. What is the hundreds digit of g?
1
Let h be (3/(-2))/(3/(-8)). Let d be (-1064)/(-35) + (-2)/5. Suppose h*b = b + d. What is the units digit of b?
0
Suppose 3*x - h = -0*h - 4, 2 = -4*x + 2*h. What is the units digit of 8/x*3/(-2)?
4
Let v = 3 + 6. Let q = v - 6. Suppose 3*t - 30 = q*i, -4*i - 31 = t - 4*t. What is the units digit of t?
9
Suppose q = -3*j + 19, -q - q + 3*j + 38 = 0. What is the tens digit of q?
1
Let s(v) = v**3 + v**2. Let h(t) = 4*t**3 - 7*t**2 + 11*t + 1. Let m(g) = h(g) - 5*s(g). What is the tens digit of m(-13)?
2
Suppose 5*d - 135 = -2*n, -3*n - 4*d = 75 - 267. What is the units digit of (n/(-18))/((-4)/6)?
5
Let z(a) = -4*a**3 + a**2 + 3*a - 2. Let m be z(-3). What is the units digit of (3/6)/(1/m)?
3
Let r(f) = -2*f + 4. Let g be r(5). Let o = g - -7. Let z(b) = 9*b**3 + 2*b**2 - 2*b + 1. What is the tens digit of z(o)?
1
Let h be 1 - (1 + 0) - -2. Let j be 19/5 + (-1)/(-5). What is the units digit of j/3 + h/(-6)?
1
Suppose 2*p = 4*d - 184, 4*d - 178 = -0*d - p. Let i be ((-6)/(-9))/((-6)/d). What is the units digit of (-4)/10 - 97/i?
9
Suppose -3*m = -33 - 60. What is the units digit of m?
1
Suppose -5*t + 664 = 3*t. What is the tens digit of t?
8
Let g(w) = -w**3 - 13*w**2 + 13*w + 14. What is the units digit of g(-14)?
8
Let j(v) = -v**3 + 6*v**2 - 4*v + 2. Let r be j(5). Let u = r - 3. What is the units digit of u?
4
Suppose -5*a + 2 = -8. Let r = a + -2. What is the units digit of 5/3*(3 - r)?
5
What is the units digit of ((-4)/1 - -7) + 19?
2
What is the units digit of ((-11)/2 - -1)/(33/(-88))?
2
Suppose -5*l - 10 - 5 = 0, -459 = -2*j - 5*l. What is the tens digit of j?
3
Suppose -2*j + 50 = -7*j + 4*f, 2*j - 5*f = -20. Let t = -10 + j. Let b 